s = -4*z, -4*z + 2*z + 5*b = -41. Is 9 a factor of z?
False
Let b be (1 + -95)*6/(-12). Let h = b - 2. Does 25 divide h?
False
Suppose 144 = 17*c - 264. Does 8 divide c?
True
Let v be 3857/49 - 2/(-7). Suppose 5*u = v - 24. Is 7 a factor of u?
False
Suppose 0 = 3*d + 6, -2*o = 3*d - 0*d - 4. Suppose o*g - 2 = 3, 4*g - 174 = -5*x. Let l = -18 + x. Is 16 a factor of l?
True
Let g = 2 - -19. Is g a multiple of 9?
False
Is 45*(1 + (-4)/6) a multiple of 6?
False
Suppose -3 = -4*z + w - 0, -3*w - 9 = 2*z. Suppose -3*t - 2*t = z. Suppose 2*b - 4*c - 38 = t, 0 = -3*b + 2*c - 4*c + 17. Is b a multiple of 9?
True
Suppose 0 = -2*r - r + 15. Suppose r*q + 28 = 113. Does 8 divide q?
False
Suppose 5*z - 2*q - 1 = 39, -15 = -3*q. Is 4 a factor of z?
False
Let p(a) = a - 1. Let w be p(8). Suppose 2*y = w*y - 170. Is y a multiple of 14?
False
Is 23 a factor of 3 - 4 - -1 - -122?
False
Suppose 2*k - 5*k - 3*h + 18 = 0, 5*k + 4*h - 28 = 0. Suppose -k*j + j = -63. Does 7 divide j?
True
Suppose 5 + 0 = -2*u + y, y = -u - 7. Is 8/16 - 74/u a multiple of 19?
True
Let r(t) = 18*t**2 - t - 1. Suppose 3*l - l + 8 = -3*w, -4*w - 8 = 4*l. Suppose -1 - 1 = l*s. Is r(s) a multiple of 9?
True
Let y(l) = -16 - 11 + 18 - 9*l - l**2. Let v be (12/(-16))/(2/16). Does 6 divide y(v)?
False
Suppose 2*y = -2*i + 5*y + 18, 0 = 3*y - 12. Suppose 4*k + 0*k = 2*g + 16, 5*g + i = 5*k. Is g a multiple of 2?
True
Suppose 0 = -4*g + 3*g - l + 1, 3*l + 4 = 4*g. Suppose g + 33 = 2*o. Is o a multiple of 6?
False
Let w(u) = -u + 3. Let y be (3/(-12))/(2/(-24)). Suppose -c = -6*c + 25, 0 = -y*g + 2*c - 19. Is w(g) a multiple of 5?
False
Let m = -44 + 48. Let h = -7 - -4. Does 17 divide -34*((-14)/m - h)?
True
Let b(q) = 9 + q + 3 + 2. Does 13 divide b(12)?
True
Suppose 0 = 2*n + 2*o - 30, o - 78 = -5*n - o. Does 5 divide n?
False
Suppose -x - 6 + 20 = -3*q, -2*x = -2*q - 8. Let p = x - -2. Suppose -2*n = -7 - p. Is n a multiple of 2?
True
Suppose -17 - 3 = 4*v. Suppose 3 - 9 = 3*t. Is 9 a factor of 6/(0 + t/v)?
False
Suppose 5*z + 24 = -2*b, -2*b - 3*b - 2*z = 39. Let j(q) = -2*q + 10. Is 9 a factor of j(b)?
False
Let b(d) = d**2 + 8*d - 7. Let a = -11 + 2. Let o be b(a). Suppose -2*v - 3*p = -19, -o*p + 59 = 5*v - 6*p. Is 7 a factor of v?
False
Let w = -3 + 1. Let s = 1 - w. Suppose -s*h + 51 = -0*h. Does 13 divide h?
False
Let d be (-1 - 0)*(3 - -5). Does 2 divide (4/d)/(1/(-12))?
True
Let a(d) = 13*d - 4. Is 32 a factor of a(5)?
False
Suppose 2*l + 2*l + w - 83 = 0, 0 = 2*l + 2*w - 46. Suppose d = -d + 4*q - 16, 4*d = -4*q - l. Does 16 divide 3 - (-39)/d*-2?
True
Let w(v) = -15*v + 3. Let s be -3*(-2 - 20/(-6)). Let i(b) = -b - 1. Let f(p) = s*i(p) - w(p). Does 20 divide f(1)?
True
Suppose s + 2*s - 9 = 0. Suppose -2*t - 3 - s = 0. Let c = 2 - t. Does 5 divide c?
True
Let m = -5 + 8. Suppose m*x + 2 = -46. Let c = -2 - x. Is c a multiple of 5?
False
Let x = -14 + 28. Is 12 a factor of x?
False
Let s(l) = 4*l**2 - 3*l + 4. Is s(6) a multiple of 31?
False
Let n(y) = 2*y**2 - 3*y + 3. Let v be (25 + -4)*(-2)/(-6). Let a be n(v). Suppose -5*p + 3*b = -a - 39, -p + 17 = -4*b. Does 14 divide p?
False
Is 9 a factor of ((-6)/(-8))/((-3)/(-180))?
True
Is 14/(-98) - 624/(-7) a multiple of 18?
False
Let y(r) = -r**2 - r - 1. Let p(j) = j**3 - 6*j**2 - 4*j - 24. Suppose -o + 3*o = 10. Let k(u) = o*y(u) - p(u). Is 12 a factor of k(0)?
False
Is 9 a factor of -1*((-990)/24 - 1/(-4))?
False
Let s = 196 - -26. Let o = s + -159. Does 21 divide o?
True
Let n be 6559/42 - 1/6. Suppose 156 = 4*m - 2*k, m - 5*m + 5*k = -n. Let q = m - 23. Is 8 a factor of q?
True
Suppose -3*z = -0*z - 9. Suppose z*a - 87 + 0 = 0. Is a a multiple of 11?
False
Let c = 172 + -112. Is 21 a factor of 1*((-12)/(-4) + c)?
True
Let c = 89 + -53. Let y = -14 + c. Does 10 divide y?
False
Let s be (-344)/(-12) - 3/(-9). Suppose -h + 6 = -6. Let t = s - h. Is t a multiple of 12?
False
Let y = -65 + 155. Suppose 4*b - 39 - 18 = -u, y = 2*u + 2*b. Does 12 divide u?
False
Let z(j) = j + 15. Is 7 a factor of z(-8)?
True
Suppose -4 = -k - 2. Suppose 0*n - n - 2 = 0, -3*g = -k*n - 28. Is 6 a factor of g?
False
Let v(m) = -20*m**2 - m + 6. Let l(w) = 41*w**2 + 2*w - 11. Let a(d) = 6*l(d) + 11*v(d). Is 8 a factor of a(-1)?
False
Suppose -2*m + 3*m = 4. Suppose 1270 = -g - m*g. Does 16 divide g/(-9) - (-2)/(-9)?
False
Let t be -1*4/(-8)*-6. Suppose 2*w + 10 = 5*j, 5*w + 3*j + j = -91. Is 6/(t/w*2) a multiple of 15?
True
Let x(a) = a**2 - 1. Let t(o) = -o**3 + 4*o**2 - 9*o + 5. Let l(p) = -t(p) - 4*x(p). Let q = 20 + -13. Is 9 a factor of l(q)?
False
Let g(k) = -k**2 + 3*k - 1. Let j be g(2). Is 15 a factor of (-1 - (-2 - j)) + 37?
False
Let l = 78 + -55. Is 4 a factor of l?
False
Suppose -74 = -2*p - m + 58, 3*p = -5*m + 184. Is 9 a factor of p?
False
Let j(w) = -w**2 - w - 20. Let r(p) = -3*p**2 - 3*p - 61. Let u(g) = -7*j(g) + 2*r(g). Is u(0) a multiple of 7?
False
Is (-5 - 0)*(-8)/10 even?
True
Suppose -2 = t - 2*r + 6, 0 = 2*t - 3*r + 11. Suppose -t*s - s = -96. Is 28 a factor of s?
False
Let k be ((-4)/10)/((-2)/10). Suppose 0 = -2*x - k*x + 68. Is x a multiple of 12?
False
Suppose -t = t - 130. Is 13 a factor of t?
True
Suppose 12 = 3*i + i. Suppose i = c - 5. Does 4 divide c?
True
Let b be 225/(-10)*12/(-15). Let y(p) = -p**2 - 4*p + 5. Let w be y(-5). Suppose w*o - b = -o. Is 7 a factor of o?
False
Let l(y) = 34*y**3 - 5*y**2 - 4*y - 3. Let c(n) = 102*n**3 - 14*n**2 - 11*n - 8. Let u(t) = -4*c(t) + 11*l(t). Is 15 a factor of u(-1)?
False
Let a(j) = j**2 - 10*j + 12. Let m be a(9). Suppose 7*w + 55 = 2*w + s, -m*w - 33 = -5*s. Let c = w + 24. Is 13 a factor of c?
True
Suppose 11 = d - 11. Does 8 divide d?
False
Let l = 6 + -3. Suppose 0 = 5*t + 3*f - 17, -2*f - 5 = l*f. Suppose 0 = 5*x - 66 - t. Is 14 a factor of x?
True
Let s(g) = g**3 - g**2 - 2*g + 2. Suppose 0 = -2*c + 16 + 4. Suppose y + c = 4*m - 0, -5*m + 18 = -4*y. Does 2 divide s(m)?
True
Suppose -2*a - 1 = -7. Suppose -a*p + 0*p = -486. Suppose -5*x - 4*y + p = 0, 39 = 5*x - y - 108. Is 15 a factor of x?
True
Let x(y) = y**3 + 3*y**2 - 12*y + 13. Does 63 divide x(7)?
False
Let k(h) = 6*h**2 - 5*h + 4. Let o = 10 - 8. Is k(o) a multiple of 18?
True
Is (-6)/(-8) + (-1365)/(-52) a multiple of 13?
False
Let c(p) = 4*p + 2. Let k be c(3). Suppose 0 = 4*j - 86 + k. Does 12 divide j?
False
Suppose 0 = -0*t - 5*t + 1980. Suppose 0 = -2*l + a + 4*a + 206, 2*a = 4*l - t. Suppose 3*c = 2*d + l, 4*c = 3*d + 19 + 111. Is 9 a factor of c?
False
Let l be 1*(0/(-1))/1. Is 7 a factor of 52/4*(l + 1)?
False
Let k(u) = u - 2. Let y be k(1). Let g be (-16)/6*-3 + y. Let b = g + -1. Does 6 divide b?
True
Suppose 0 = 5*p - 2*r + 281, -162 = 2*p + p + r. Let b = p + 33. Let o = -12 - b. Is 8 a factor of o?
False
Suppose 5*m - 2*j = m + 1204, -4*m + 1204 = 5*j. Is 31 a factor of m?
False
Let j be (0*(-2)/6)/2. Let y(q) = -q - 7. Let n be y(j). Let o = 17 + n. Is o a multiple of 5?
True
Let c(u) = 37*u - 26. Is c(5) a multiple of 25?
False
Let y(d) = -d - 5. Let p be y(0). Is p/(-30) - 286/(-12) a multiple of 12?
True
Let q(c) = 272*c**2 + 2*c. Is 59 a factor of q(-1)?
False
Let a(y) = -y**3 + 8*y**2 - 6*y + 9. Does 11 divide a(6)?
False
Suppose -112 = j - 3*j. Is j a multiple of 28?
True
Let l(w) be the first derivative of -w**4/4 - 14*w**3/3 - 8*w**2 - 9*w - 4. Is l(-13) a multiple of 11?
False
Let l = -73 + 107. Suppose -2*h = 2*h + 3*t - 120, -2*h + 5*t = -l. Is 9 a factor of h?
True
Let l = -17 - -28. Let v = l - 7. Let w = 21 - v. Is 8 a factor of w?
False
Let u(v) = -v - 1. Let h be u(-4). Suppose 0 = 4*t - h*t - 112. Is (t/(-20))/(2/(-10)) a multiple of 14?
True
Let s(w) be the first derivative of -1 - 1/2*w**2 + 3*w. Is 3 a factor of s(0)?
True
Suppose 8*x - 6*x - 120 = 0. Is 15 a factor of x?
True
Let l(z) = -z**2 - 11*z - 12. Let y = 5 + 0. Suppose -y*p + p = 32. Is l(p) a multiple of 12?
True
Let s be 1 + -2 - (-8)/8. Suppose 0*u + 56 = u. Suppose -n - n + u = s. Does 10 divide n?
False
Suppose 2*d - 33 - 15 = 0. Does 7 divide d?
False
Let q = -9 - -8. Is 13 a factor of (13 - q) + (8 - 9)?
True
Suppose -4*j = -2*d + j + 20, -5*d + 8 = -2*j. Suppose -3*s = -2*r - 66, 0 = 3*s + 3*r - d*r - 81. Suppose -p + s = 3*p. Does 4 divide p?
False
Suppose -p - 3*f - 38 + 104 = 0, 5*p - 5*f - 350 = 0. Do